 by 34189.
14
Calculate the remainder when 2701285 is divided by 4766.
3729
What is the remainder when 5293691 is divided by 6642?
17
Calculate the remainder when 70123 is divided by 70017.
106
Calculate the remainder when 471139 is divided by 1205.
1189
Calculate the remainder when 4345160 is divided by 14779.
134
Calculate the remainder when 86904 is divided by 41708.
3488
Calculate the remainder when 1698023 is divided by 4375.
523
Calculate the remainder when 196350 is divided by 64222.
3684
What is the remainder when 247025541 is divided by 35?
21
What is the remainder when 78131 is divided by 1346?
63
Calculate the remainder when 1767960 is divided by 71.
60
Calculate the remainder when 2429818 is divided by 70.
48
Calculate the remainder when 21852788 is divided by 888.
884
What is the remainder when 10902198 is divided by 990?
318
Calculate the remainder when 27186978 is divided by 79.
76
Calculate the remainder when 128855 is divided by 32049.
659
What is the remainder when 9597943 is divided by 114261?
19
Calculate the remainder when 2625112 is divided by 656275.
12
Calculate the remainder when 48639429 is divided by 291254.
11
What is the remainder when 6888 is divided by 4058?
2830
Calculate the remainder when 7391012 is divided by 12.
8
What is the remainder when 49807 is divided by 2194?
1539
Calculate the remainder when 40345077 is divided by 47.
42
Calculate the remainder when 112969 is divided by 26727.
6061
What is the remainder when 62231643 is divided by 2458?
2457
Calculate the remainder when 2118107 is divided by 302586.
5
What is the remainder when 841767 is divided by 539?
388
Calculate the remainder when 3780946 is divided by 91.
78
What is the remainder when 16322228 is divided by 1182?
1172
Calculate the remainder when 134140938 is divided by 27.
24
Calculate the remainder when 3185890 is divided by 705.
700
What is the remainder when 1803724 is divided by 2877?
2722
What is the remainder when 41639300 is divided by 136?
44
What is the remainder when 152907 is divided by 3638?
111
Calculate the remainder when 709024 is divided by 932.
704
What is the remainder when 213231 is divided by 213225?
6
Calculate the remainder when 13667 is divided by 1797.
1088
Calculate the remainder when 752399 is divided by 2906.
2651
What is the remainder when 247915778 is divided by 406?
404
Calculate the remainder when 802502954 is divided by 177.
176
Calculate the remainder when 102727 is divided by 51179.
369
Calculate the remainder when 592060 is divided by 7598.
7014
Calculate the remainder when 2052073 is divided by 67.
64
What is the remainder when 287809 is divided by 26133?
346
What is the remainder when 2054791 is divided by 91?
11
What is the remainder when 2050233 is divided by 1025083?
67
What is the remainder when 354284 is divided by 12420?
6524
What is the remainder when 5576207 is divided by 81?
5
What is the remainder when 2069131 is divided by 6?
1
Calculate the remainder when 5052 is divided by 34.
20
What is the remainder when 6997189 is divided by 109330?
69
What is the remainder when 42778644 is divided by 88?
84
What is the remainder when 6169541 is divided by 6169541?
0
Calculate the remainder when 181408 is divided by 5998.
1468
What is the remainder when 19998 is divided by 2483?
134
Calculate the remainder when 1958478 is divided by 489611.
34
Calculate the remainder when 20469123 is divided by 13.
12
Calculate the remainder when 486717 is divided by 1617.
0
What is the remainder when 3012247 is divided by 136910?
227
Calculate the remainder when 2469 is divided by 1638.
831
What is the remainder when 1781037 is divided by 93733?
110
What is the remainder when 9224013 is divided by 2305992?
45
What is the remainder when 76979052 is divided by 2483195?
7
Calculate the remainder when 721421 is divided by 37808.
3069
What is the remainder when 245566 is divided by 70?
6
What is the remainder when 2782335 is divided by 15121?
71
Calculate the remainder when 743062 is divided by 212.
2
What is the remainder when 1927091 is divided by 3786?
17
What is the remainder when 115152 is divided by 11488?
272
What is the remainder when 33279120 is divided by 81367?
17
Calculate the remainder when 831663 is divided by 11523.
2007
Calculate the remainder when 1218002 is divided by 121786.
142
Calculate the remainder when 589969471 is divided by 31.
8
Calculate the remainder when 1660277 is divided by 6641.
27
What is the remainder when 1885699 is divided by 40?
19
What is the remainder when 150056 is divided by 996?
656
What is the remainder when 134260 is divided by 263?
130
Calculate the remainder when 17349275 is divided by 84.
83
Calculate the remainder when 60312182 is divided by 408.
398
Calculate the remainder when 50856098 is divided by 70.
48
What is the remainder when 1409519 is divided by 3948?
83
What is the remainder when 112308 is divided by 1353?
9
What is the remainder when 279711 is divided by 23?
8
Calculate the remainder when 891528 is divided by 297160.
48
Calculate the remainder when 123518 is divided by 717.
194
What is the remainder when 2903527 is divided by 957?
946
What is the remainder when 91306284 is divided by 323?
321
What is the remainder when 1101880 is divided by 16?
8
What is the remainder when 685346 is divided by 11796?
1178
What is the remainder when 3773931 is divided by 142?
139
What is the remainder when 77347 is divided by 241?
227
What is the remainder when 61158711 is divided by 140?
131
Calculate the remainder when 10005000 is divided by 6253.
200
Calculate the remainder when 171282 is divided by 85110.
1062
Calculate the remainder when 1743379 is divided by 136.
131
What is the remainder when 3172331 is divided by 634464?
11
Calculate the remainder when 13620641 is divided by 568.
1
What is the remainder when 5176953 is divided by 1725649?
6
What is the remainder when 7034221 is divided by 51?
46
Calculate the remainder when 200357 is divided by 99831.
695
Calculate the remainder when 13649047 is divided by 50552.
7
Calculate the remainder when 89296854 is divided by 2675.
4
What is the remainder when 166098 is divided by 165855?
243
What is the remainder when 6681984 is divided by 73425?
309
What is the remainder when 61368 is divided by 2229?
1185
What is the remainder when 5062219 is divided by 18957?
700
What is the remainder when 1349134 is divided by 1222?
46
What is the remainder when 805184 is divided by 1075?
9
What is the remainder when 1565992 is divided by 124?
120
What is the remainder when 8627522 is divided by 180?
122
What is the remainder when 3360982 is divided by 319?
317
Calculate the remainder when 736335 is divided by 232.
199
Calculate the remainder when 3128974 is divided by 795.
649
What is the remainder when 81578142 is divided by 11654018?
16
Calculate the remainder when 5134153 is divided by 69.
1
What is the remainder when 117860739 is divided by 130666?
7
What is the remainder when 254594 is divided by 18180?
74
What is the remainder when 2915596 is divided by 148?
144
What is the remainder when 1442210 is divided by 240364?
26
Calculate the remainder when 18521 is divided by 18076.
445
Calculate the remainder when 152967765 is divided by 1699.
1698
Calculate the remainder when 57049872 is divided by 225.
222
Calculate the remainder when 5748431 is divided by 5748426.
5
Calculate the remainder when 2417583 is divided by 1208790.
3
What is the remainder when 943126 is divided by 3103?
2917
Calculate the remainder when 44243 is divided by 4.
3
What is the remainder when 1682624 is divided by 652?
464
What is the remainder when 1878864 is divided by 191?
188
Calculate the remainder when 5519608 is divided by 178.
6
What is the remainder when 2304072 is divided by 5848?
5808
Calculate the remainder when 29027003 is divided by 8251.
8236
What is the remainder when 468857 is divided by 2171?
2092
What is the remainder when 8040188 is divided by 4020091?
6
Calculate the remainder when 9197071 is divided by 767.
741
Calculate the remainder when 21268 is divided by 659.
180
What is the remainder when 123635 is divided by 7381?
5539
What is the remainder when 1988079 is divided by 397589?
134
What is the remainder when 12453208 is divided by 90?
88
Calcu